{"id":14,"date":"2016-08-21T18:04:19","date_gmt":"2016-08-21T16:04:19","guid":{"rendered":"http:\/\/autowerkstatt-karlsruhe.com\/?page_id=14"},"modified":"2017-08-07T00:51:49","modified_gmt":"2017-08-06T22:51:49","slug":"baumaschinen-und-staplertransporte","status":"publish","type":"page","link":"https:\/\/autowerkstatt-karlsruhe.com\/?page_id=14","title":{"rendered":"Baumaschinen- und Staplertransporte"},"content":{"rendered":"<h1 class=\"western\">Baumaschinen- und Staplertransporte\u00a0im In- und Ausland (Deutschland und Europa)<\/h1>\n<p>Um unser Unternehmen weiter auszubauen haben wir seit einiger Zeit einen weiteren Gesch\u00e4ftszweig aufgenommen. Damit k\u00f6nnen wir t\u00e4glich Baumaschinen und Gabelstapler mit unseren LKWs transportieren. Auch hier \u00fcberzeugen wir durch Flexibilit\u00e4t und P\u00fcnktlichkeit bei der Abwicklung Ihrer Auftr\u00e4ge.<\/p>\n","protected":false},"excerpt":{"rendered":"<p>Baumaschinen- und Staplertransporte\u00a0im In- und Ausland (Deutschland und Europa) Um unser Unternehmen weiter auszubauen haben wir seit einiger Zeit einen weiteren Gesch\u00e4ftszweig aufgenommen. Damit k\u00f6nnen wir t\u00e4glich Baumaschinen und Gabelstapler mit unseren LKWs transportieren. Auch hier \u00fcberzeugen wir durch Flexibilit\u00e4t und P\u00fcnktlichkeit bei der Abwicklung Ihrer Auftr\u00e4ge.<\/p>\n","protected":false},"author":1,"featured_media":0,"parent":0,"menu_order":5,"comment_status":"closed","ping_status":"closed","template":"","meta":{"footnotes":""},"class_list":["post-14","page","type-page","status-publish","hentry"],"_links":{"self":[{"href":"https:\/\/autowerkstatt-karlsruhe.com\/index.php?rest_route=\/wp\/v2\/pages\/14","targetHints":{"allow":["GET"]}}],"collection":[{"href":"https:\/\/autowerkstatt-karlsruhe.com\/index.php?rest_route=\/wp\/v2\/pages"}],"about":[{"href":"https:\/\/autowerkstatt-karlsruhe.com\/index.php?rest_route=\/wp\/v2\/types\/page"}],"author":[{"embeddable":true,"href":"https:\/\/autowerkstatt-karlsruhe.com\/index.php?rest_route=\/wp\/v2\/users\/1"}],"replies":[{"embeddable":true,"href":"https:\/\/autowerkstatt-karlsruhe.com\/index.php?rest_route=%2Fwp%2Fv2%2Fcomments&post=14"}],"version-history":[{"count":8,"href":"https:\/\/autowerkstatt-karlsruhe.com\/index.php?rest_route=\/wp\/v2\/pages\/14\/revisions"}],"predecessor-version":[{"id":196,"href":"https:\/\/autowerkstatt-karlsruhe.com\/index.php?rest_route=\/wp\/v2\/pages\/14\/revisions\/196"}],"wp:attachment":[{"href":"https:\/\/autowerkstatt-karlsruhe.com\/index.php?rest_route=%2Fwp%2Fv2%2Fmedia&parent=14"}],"curies":[{"name":"wp","href":"https:\/\/api.w.org\/{rel}","templated":true}]}}