{"id":10,"date":"2016-08-21T18:03:24","date_gmt":"2016-08-21T16:03:24","guid":{"rendered":"http:\/\/autowerkstatt-karlsruhe.com\/?page_id=10"},"modified":"2017-08-07T00:54:34","modified_gmt":"2017-08-06T22:54:34","slug":"abschleppdienst-und-autotransporte","status":"publish","type":"page","link":"https:\/\/autowerkstatt-karlsruhe.com\/?page_id=10","title":{"rendered":"Pannen- und Abschleppdienst"},"content":{"rendered":"<h1 class=\"western\">Ihr zuverl\u00e4ssiger Karlsruher Pannen- und Abschleppdienst &#8211; 24 Stunden Service rund um die Uhr<\/h1>\n<p>Unser Pannen- und Abschleppdienst in Kooperation mit dem AvD (Automobilclub von Deutschland) ist 24 Stunden rund um die Uhr, 7 Tage die Woche f\u00fcr Sie erreichbar.<img loading=\"lazy\" decoding=\"async\" class=\"size-medium wp-image-57 aligncenter\" src=\"http:\/\/autowerkstatt-karlsruhe.com\/wp-content\/uploads\/2016\/08\/Abschleppdienst-300x253.jpg\" alt=\"Abschleppdienst\" width=\"300\" height=\"253\" srcset=\"https:\/\/autowerkstatt-karlsruhe.com\/wp-content\/uploads\/2016\/08\/Abschleppdienst-300x253.jpg 300w, https:\/\/autowerkstatt-karlsruhe.com\/wp-content\/uploads\/2016\/08\/Abschleppdienst.jpg 400w\" sizes=\"auto, (max-width: 300px) 100vw, 300px\" \/> <img loading=\"lazy\" decoding=\"async\" class=\"size-medium wp-image-58 aligncenter\" src=\"http:\/\/autowerkstatt-karlsruhe.com\/wp-content\/uploads\/2016\/08\/Logo-2-300x225.jpg\" alt=\"Logo 2\" width=\"300\" height=\"225\" srcset=\"https:\/\/autowerkstatt-karlsruhe.com\/wp-content\/uploads\/2016\/08\/Logo-2-300x225.jpg 300w, https:\/\/autowerkstatt-karlsruhe.com\/wp-content\/uploads\/2016\/08\/Logo-2-768x576.jpg 768w, https:\/\/autowerkstatt-karlsruhe.com\/wp-content\/uploads\/2016\/08\/Logo-2-1024x768.jpg 1024w\" sizes=\"auto, (max-width: 300px) 100vw, 300px\" \/><\/p>\n<p>Durch unser fachgeschultes Personal sind wir stets bem\u00fcht liegen gebliebene Fahrzeuge vor Ort wieder fahrbereit zu machen. Wenn dies vor Ort nicht im Bereich des M\u00f6glichen liegen sollte, bringen wir sie gerne in Ihre Wunschwerkstatt.<\/p>\n<p>Der Fachmann zum Entfernen unrechtm\u00e4\u00dfig abgestellter Fahrzeuge ist auch f\u00fcr Sie zur Stelle und &#8222;befreit&#8220; Ihren Kunden-, Gesch\u00e4fts-, Tiefgaragen- und Privatparkplatz von st\u00f6renden Fahrzeugen.<\/p>\n<p>Die Firma Schlindwein kann sich seit vielen Jahren zum Kreis der VBA-gepr\u00fcften Betriebe z\u00e4hlen. Dieser Verband stellt in regelm\u00e4\u00dfigen Abst\u00e4nden fest, ob das n\u00f6tige Knowhow und die technischen Voraussetzungen im jeweiligen Betrieb vorhanden sind.<\/p>\n<p align=\"CENTER\">\u00a0\u00a0\u00a0Partner des<\/p>\n<p align=\"CENTER\"><a href=\"http:\/\/www.avd.de\/\"><img loading=\"lazy\" decoding=\"async\" class=\"aligncenter wp-image-194\" src=\"http:\/\/autowerkstatt-karlsruhe.com\/wp-content\/uploads\/2016\/08\/AvD_Logo_2008.svg_-150x150.png\" alt=\"\" width=\"81\" height=\"81\" \/><\/a><\/p>\n<p align=\"CENTER\"><a href=\"https:\/\/www.avd.de\/\" target=\"_blank\" rel=\"noopener\">Automobilclub von Deutschland<\/a><\/p>\n<p align=\"CENTER\"><img loading=\"lazy\" decoding=\"async\" class=\"aligncenter wp-image-135\" src=\"http:\/\/autowerkstatt-karlsruhe.com\/wp-content\/uploads\/2016\/11\/Logo_VBA_Mitgliedsbetrieb-150x150.jpg\" alt=\"logo_vba_mitgliedsbetrieb\" width=\"77\" height=\"66\" \/>Mitgliedsbetrieb im Verband der Bergungs- und Abschleppunternehmen e.V.<\/p>\n<p align=\"CENTER\">Eine direkte Abrechnung mit fast allen Versicherungen und Automobilclubs ist f\u00fcr uns selbstverst\u00e4ndlich. F\u00fcr n\u00e4here Informationen stehen wir Ihnen gerne zur Verf\u00fcgung<\/p>\n","protected":false},"excerpt":{"rendered":"<p>Ihr zuverl\u00e4ssiger Karlsruher Pannen- und Abschleppdienst &#8211; 24 Stunden Service rund um die Uhr Unser Pannen- und Abschleppdienst in Kooperation mit dem AvD (Automobilclub von Deutschland) ist 24 Stunden rund um die Uhr, 7 Tage die Woche f\u00fcr Sie erreichbar. Durch unser fachgeschultes Personal sind wir stets bem\u00fcht liegen gebliebene Fahrzeuge vor Ort wieder fahrbereit &hellip; <a href=\"https:\/\/autowerkstatt-karlsruhe.com\/?page_id=10\" class=\"more-link\"><span class=\"screen-reader-text\">Pannen- und Abschleppdienst<\/span> weiterlesen <span class=\"meta-nav\">&rarr;<\/span><\/a><\/p>\n","protected":false},"author":1,"featured_media":0,"parent":0,"menu_order":3,"comment_status":"closed","ping_status":"closed","template":"","meta":{"footnotes":""},"class_list":["post-10","page","type-page","status-publish","hentry"],"_links":{"self":[{"href":"https:\/\/autowerkstatt-karlsruhe.com\/index.php?rest_route=\/wp\/v2\/pages\/10","targetHints":{"allow":["GET"]}}],"collection":[{"href":"https:\/\/autowerkstatt-karlsruhe.com\/index.php?rest_route=\/wp\/v2\/pages"}],"about":[{"href":"https:\/\/autowerkstatt-karlsruhe.com\/index.php?rest_route=\/wp\/v2\/types\/page"}],"author":[{"embeddable":true,"href":"https:\/\/autowerkstatt-karlsruhe.com\/index.php?rest_route=\/wp\/v2\/users\/1"}],"replies":[{"embeddable":true,"href":"https:\/\/autowerkstatt-karlsruhe.com\/index.php?rest_route=%2Fwp%2Fv2%2Fcomments&post=10"}],"version-history":[{"count":14,"href":"https:\/\/autowerkstatt-karlsruhe.com\/index.php?rest_route=\/wp\/v2\/pages\/10\/revisions"}],"predecessor-version":[{"id":198,"href":"https:\/\/autowerkstatt-karlsruhe.com\/index.php?rest_route=\/wp\/v2\/pages\/10\/revisions\/198"}],"wp:attachment":[{"href":"https:\/\/autowerkstatt-karlsruhe.com\/index.php?rest_route=%2Fwp%2Fv2%2Fmedia&parent=10"}],"curies":[{"name":"wp","href":"https:\/\/api.w.org\/{rel}","templated":true}]}}